and 379290.
538
What is the greatest common divisor of 341 and 1335345?
11
What is the highest common divisor of 11 and 30577844?
11
Calculate the greatest common factor of 418 and 789681838.
418
What is the greatest common factor of 162852473 and 116753?
8981
Calculate the greatest common divisor of 78 and 16694990.
26
What is the highest common factor of 139675 and 105450?
925
Calculate the greatest common factor of 173 and 14832155.
173
Calculate the highest common divisor of 364 and 8449714.
182
What is the greatest common factor of 1689 and 7959?
3
Calculate the greatest common factor of 5472 and 41306.
38
Calculate the highest common divisor of 51690 and 414714.
6
Calculate the highest common divisor of 317707 and 26.
13
What is the highest common factor of 35207 and 28826249?
2071
Calculate the greatest common divisor of 465600 and 501684.
1164
Calculate the greatest common divisor of 11410655 and 340.
85
What is the highest common factor of 39269762 and 17?
17
What is the greatest common factor of 43806372 and 888?
444
What is the greatest common factor of 138 and 1230192582?
138
Calculate the highest common factor of 5892 and 135199796.
1964
What is the greatest common divisor of 156435279 and 33033?
3003
Calculate the highest common factor of 212097 and 12390869.
1159
Calculate the highest common divisor of 55354 and 30394.
26
What is the highest common factor of 630 and 22902810?
210
What is the highest common factor of 3423 and 4567423?
1141
What is the highest common factor of 7021 and 864178?
119
What is the greatest common factor of 148717 and 577469?
127
What is the highest common factor of 1769847 and 12669?
123
Calculate the greatest common divisor of 3233500 and 185.
5
Calculate the highest common divisor of 12466 and 827634.
542
What is the greatest common factor of 732 and 40266588?
732
What is the highest common divisor of 2666902 and 101954?
5366
Calculate the highest common divisor of 85 and 10247549.
17
Calculate the highest common divisor of 6408 and 12984.
24
What is the greatest common factor of 134724 and 915876?
1236
Calculate the greatest common factor of 117423976 and 2874.
958
What is the greatest common divisor of 228 and 315804149?
19
What is the highest common factor of 3388155 and 35310?
1605
Calculate the greatest common divisor of 159003 and 199017.
1053
What is the highest common factor of 123425100 and 750?
150
Calculate the greatest common divisor of 18 and 953174502.
18
Calculate the highest common factor of 16000145 and 595.
595
Calculate the highest common factor of 619315 and 375.
5
What is the greatest common factor of 3 and 775721175?
3
Calculate the greatest common factor of 14715459 and 378.
27
Calculate the greatest common factor of 123868 and 106684.
716
What is the highest common divisor of 78807125 and 6765?
205
Calculate the highest common factor of 12752517 and 369.
123
What is the greatest common divisor of 10 and 660748990?
10
What is the greatest common divisor of 159 and 122069706?
159
What is the greatest common divisor of 12864712 and 1120?
56
What is the greatest common divisor of 2716564 and 6651?
739
Calculate the greatest common divisor of 96 and 1117760736.
96
Calculate the highest common factor of 4652213 and 215.
43
Calculate the highest common factor of 370125 and 40185.
2115
What is the greatest common divisor of 2982 and 1315706?
14
What is the highest common divisor of 703 and 2203757?
37
Calculate the greatest common factor of 1928 and 38240675.
241
Calculate the greatest common factor of 1546137 and 7488.
9
What is the greatest common factor of 27993 and 180471?
129
What is the highest common factor of 99045 and 817920?
3195
What is the greatest common divisor of 62168418 and 3068?
1534
Calculate the greatest common divisor of 20521890 and 1224.
306
Calculate the greatest common divisor of 3267774 and 44676.
306
What is the greatest common divisor of 47489189 and 310934?
11959
What is the greatest common factor of 19 and 2576748137?
19
What is the greatest common factor of 626076 and 215388?
1116
What is the greatest common divisor of 29862 and 2356965?
2133
What is the highest common factor of 835 and 489811?
167
What is the highest common factor of 3468197 and 899?
29
Calculate the greatest common factor of 248526 and 75.
3
Calculate the highest common divisor of 427992766 and 2.
2
Calculate the greatest common divisor of 122 and 1726142.
2
Calculate the highest common divisor of 66 and 4835874.
6
Calculate the greatest common factor of 2046 and 14280398.
682
Calculate the greatest common divisor of 15703 and 2971697.
383
Calculate the greatest common divisor of 238227 and 19503.
33
What is the highest common divisor of 15778 and 81512?
46
Calculate the greatest common factor of 675490 and 42005.
155
Calculate the highest common factor of 29109 and 10964703.
939
What is the greatest common divisor of 11669 and 107884?
7
What is the highest common divisor of 37 and 2065719?
1
Calculate the highest common divisor of 788053 and 1957.
103
Calculate the greatest common divisor of 10690 and 151062528.
2138
What is the greatest common divisor of 25050 and 5363706?
1002
What is the greatest common factor of 150566221 and 208?
13
What is the highest common divisor of 1432698 and 2190?
438
Calculate the greatest common divisor of 131235 and 32955.
195
What is the greatest common factor of 1870 and 1260890?
170
Calculate the highest common factor of 6599314 and 287810.
3386
What is the highest common divisor of 108 and 805396068?
108
Calculate the greatest common divisor of 3590880 and 600.
120
Calculate the highest common factor of 1961953 and 527.
17
Calculate the highest common factor of 68 and 547875031.
17
Calculate the greatest common factor of 71360 and 240800.
160
What is the highest common factor of 3341262 and 23862?
582
What is the greatest common divisor of 6779917 and 2214826?
7967
What is the highest common factor of 1020900 and 11100?
300
What is the highest common factor of 335223 and 13158?
153
What is the highest common divisor of 216 and 99375876?
108
Calculate the greatest common divisor of 720154 and 2720.
34
What is the highest common divisor of 16771545 and 3391605?
11655
Calculate the greatest common factor of 1208725137 and 1446.
723
Calculate the greatest common factor of 1645 and 1484730.
235
Calculate the highest common factor of 105912513 and 21.
21
Calculate the greatest common divisor of 294 and 7696878.
42
What is the greatest common divisor of 2062 and 2384703?
1031
Calculate the highest common factor of 175872 and 5856.
96
Calculate the greatest common factor of 4543 and 1832717.
59
Calculate the greatest common factor of 6580 and 425705.
35
Calculate the greatest common factor of 48345 and 3505755.
165
Calculate the greatest common divisor of 2595848 and 13132.
268
What is the highest common factor of 34548840 and 129960?
6840
What is the greatest common factor of 7964 and 449284?
44
What is the greatest common divisor of 335244534 and 142?
142
Calculate the highest common divisor of 759 and 1313477.
11
What is the highest common divisor of 443452317 and 31108?
7777
What is the greatest common factor of 57 and 51873?
3
Calculate the highest common factor of 20 and 188861300.
20
What is the greatest common divisor of 3286 and 2112712?
62
Calculate the greatest common factor of 7821863 and 18753.
133
Calculate the highest common divisor of 4 and 44283172.
4
Calculate the highest common divisor of 234879 and 4779.
177
What is the highest common factor of 74782 and 267386?
538
Calculate the highest common factor of 1294804 and 81613.
917
What is the greatest common factor of 1168 and 174728?
8
Calculate the highest common divisor of 174 and 15741548.
58
Calculate the greatest common factor of 40 and 615470.
10
What is the greatest common divisor of 44 and 16366141?
11
What is the highest common divisor of 8932 and 35556059?
2233
Calculate the highest common divisor of 29441140 and 254.
254
Calculate the greatest common divisor of 667 and 4586789582.
667
Calculate the highest common divisor of 4476 and 9615940.
1492
What is the greatest common divisor of 13214360 and 1880?
40
What is the greatest common divisor of 3874305 and 14661?
543
Calcula